1759?
5
What is the units digit of 19458?
8
What is the hundreds digit of 9995?
9
What is the tens digit of 909?
0
What is the thousands digit of 4480?
4
What is the units digit of 879?
9
What is the tens digit of 12138?
3
What is the hundreds digit of 11561?
5
What is the hundreds digit of 984?
9
What is the units digit of 19477?
7
What is the thousands digit of 5049?
5
What is the thousands digit of 7622?
7
What is the units digit of 7225?
5
What is the hundreds digit of 49698?
6
What is the thousands digit of 1541?
1
What is the tens digit of 4533?
3
What is the units digit of 3111?
1
What is the tens digit of 4788?
8
What is the hundreds digit of 3358?
3
What is the hundreds digit of 315?
3
What is the ten thousands digit of 23490?
2
What is the thousands digit of 54710?
4
What is the units digit of 2069?
9
What is the units digit of 3953?
3
What is the units digit of 81?
1
What is the units digit of 130?
0
What is the tens digit of 125981?
8
What is the tens digit of 3288?
8
What is the tens digit of 7464?
6
What is the hundreds digit of 7290?
2
What is the tens digit of 433?
3
What is the tens digit of 5811?
1
What is the thousands digit of 11688?
1
What is the thousands digit of 1167?
1
What is the tens digit of 6159?
5
What is the hundred thousands digit of 112190?
1
What is the units digit of 635?
5
What is the units digit of 291?
1
What is the hundreds digit of 4747?
7
What is the tens digit of 436?
3
What is the units digit of 3380?
0
What is the units digit of 210?
0
What is the thousands digit of 20784?
0
What is the units digit of 541?
1
What is the thousands digit of 1508?
1
What is the tens digit of 74732?
3
What is the units digit of 3515?
5
What is the tens digit of 5219?
1
What is the units digit of 9206?
6
What is the units digit of 143362?
2
What is the thousands digit of 7334?
7
What is the ten thousands digit of 50377?
5
What is the units digit of 1226?
6
What is the units digit of 398?
8
What is the units digit of 1378?
8
What is the hundreds digit of 26514?
5
What is the hundreds digit of 525?
5
What is the hundreds digit of 63912?
9
What is the units digit of 27835?
5
What is the units digit of 3231?
1
What is the thousands digit of 30724?
0
What is the hundreds digit of 4582?
5
What is the thousands digit of 6794?
6
What is the units digit of 539?
9
What is the units digit of 1693?
3
What is the hundreds digit of 36532?
5
What is the units digit of 8770?
0
What is the thousands digit of 23243?
3
What is the tens digit of 2207?
0
What is the hundreds digit of 3528?
5
What is the units digit of 8588?
8
What is the units digit of 391?
1
What is the thousands digit of 1483?
1
What is the hundreds digit of 2212?
2
What is the hundreds digit of 1090?
0
What is the tens digit of 3729?
2
What is the tens digit of 1389?
8
What is the ten thousands digit of 22252?
2
What is the thousands digit of 63514?
3
What is the units digit of 435?
5
What is the thousands digit of 27682?
7
What is the units digit of 31294?
4
What is the hundreds digit of 37410?
4
What is the units digit of 13083?
3
What is the tens digit of 26738?
3
What is the tens digit of 1262?
6
What is the units digit of 4367?
7
What is the units digit of 12011?
1
What is the thousands digit of 1672?
1
What is the thousands digit of 12201?
2
What is the units digit of 3567?
7
What is the units digit of 2017?
7
What is the thousands digit of 13687?
3
What is the thousands digit of 5943?
5
What is the thousands digit of 4257?
4
What is the units digit of 1411?
1
What is the units digit of 10467?
7
What is the thousands digit of 1283?
1
What is the hundreds digit of 1025?
0
What is the hundreds digit of 22042?
0
What is the tens digit of 86116?
1
What is the hundreds digit of 14634?
6
What is the hundreds digit of 13482?
4
What is the units digit of 866?
6
What is the tens digit of 880?
8
What is the hundreds digit of 1313?
3
What is the hundreds digit of 238?
2
What is the tens digit of 9120?
2
What is the units digit of 7545?
5
What is the tens digit of 21335?
3
What is the hundreds digit of 5899?
8
What is the units digit of 5659?
9
What is the hundreds digit of 121005?
0
What is the ten thousands digit of 76739?
7
What is the ten thousands digit of 13689?
1
What is the thousands digit of 1223?
1
What is the thousands digit of 7146?
7
What is the tens digit of 85784?
8
What is the tens digit of 938?
3
What is the thousands digit of 2305?
2
What is the thousands digit of 7945?
7
What is the thousands digit of 17403?
7
What is the tens digit of 52877?
7
What is the hundreds digit of 60422?
4
What is the hundreds digit of 1729?
7
What is the units digit of 1036?
6
What is the units digit of 4738?
8
What is the tens digit of 85324?
2
What is the tens digit of 19602?
0
What is the thousands digit of 1827?
1
What is the thousands digit of 1626?
1
What is the ten thousands digit of 95296?
9
What is the units digit of 449?
9
What is the ten thousands digit of 115249?
1
What is the ten thousands digit of 24313?
2
What is the hundreds digit of 1721?
7
What is the units digit of 117879?
9
What is the tens digit of 590?
9
What is the thousands digit of 17355?
7
What is the tens digit of 4146?
4
What is the thousands digit of 1308?
1
What is the units digit of 3002?
2
What is the tens digit of 131?
3
What is the hundreds digit of 3459?
4
What is the thousands digit of 1250?
1
What is the ten thousands digit of 171218?
7
What is the tens digit of 1349?
4
What is the tens digit of 16?
1
What is the thousands digit of 8778?
8
What is the units digit of 118?
8
What is the thousands digit of 7767?
7
What is the hundreds digit of 119?
1
What is the units digit of 474?
4
What is the units digit of 404?
4
What is the units digit of 882?
2
What is the units digit of 7929?
9
What is the tens digit of 105104?
0
What is the units digit of 53210?
0
What is the tens digit of 72522?
2
What is the hundreds digit of 1711?
7
What is the ten thousands digit of 15896?
1
What is the tens digit of 845?
4
What is the tens digit of 3441?
4
What is the hundreds digit of 546?
5
What is the tens digit of 4775?
7
What is the tens digit of 3333?
3
What is the hundreds digit of 2481?
4
What is the units digit of 2147?
7
What is the hundreds digit of 25981?
9
What is the units digit of 2290?
0
What is the ten thousands digit of 19210?
1
What is the hundreds digit of 16109?
1
What is the thousands digit of 1164?
1
What is the hundreds digit of 11132?
1
What is the units digit of 25923?
3
What is the tens digit of 42311?
1
What is the tens digit of 1237?
3
What is the thousands digit of 6818?
6
What is the units digit of 10063?
3
What is the tens digit of 1988?
8
What is the units digit of 6821?
1
What is the hundred thousands digit of 171909?
1
What is the hundreds digit of 847?
8
What is the thousands digit of 8321?
8
What is the units digit of 1378?
8
What is the tens digit of 1509?
0
What is the thousands digit of 8883?
8
What is the hundreds digit of 82183?
1
What is the thousands digit of 1269?
1
What is the hundreds digit of 1039?
0
What is the thousands digit of 18479?
8
What is the hundreds digit of 1388?
3
What is the hundreds digit of 1065?
0
What is the hundreds digit of 6467?
4
What is the thousands digit of 1313?
1
What is the tens digit of 4350?
5
What is the hundreds digit of 30123?
1
What is the units digit of 871?
1
What is the thousands digit of 19484?
9
What is the units digit of 857?
7
What is the units digit of 9343?
3
What is the thousands digit of 23446?
3
What is the units digit of 3803?
3
What is the thousands digit of 4036?
4
What is the thousands digit of 35243?
5
What is the tens digit of 555?
5
What is the units digit of 4664?
4
What is the units digit of 33501?
1
What is the units digit of 77831?
1
What is the units digit of 176?
6
What is the hundreds digit of 29234?
2
What is the units digit of 1759?
9
What is the units digit of 16552?
2
What is the tens digit of 27730?
3
What is the units digit of 355?
5
What is the hundreds digit of 10571?
5
What is the hundreds digit of 1622?
6
What is the thousands digit of 1850?
1
What is the units digit of 44184?
4
What is the thousands digit of 7729?
7
What is the tens digit of 1891?
9
What is the hundreds digit of 5641?
6
What is the